. Calculate the greatest common factor of 133 and x.
7
Suppose -49 = -2*h - 5*a, -5*h - 20*a + 95 = -13*a. What is the greatest common factor of h and 176?
4
Let o be 1859/(-5 - -18) + 10. What is the highest common divisor of o and 187?
17
Let x = -10 - -12. Suppose 2*o + x*d - 20 = 5*d, -o = 4*d + 12. Let h(b) = -3*b + 1. Let y be h(-1). Calculate the greatest common divisor of y and o.
4
Let m be (-424)/(-20) + (27/15 - 1). Let u(q) = q**3 + 8*q**2 + 5*q - 3. Let z be u(-7). Calculate the highest common divisor of m and z.
11
Let c(u) = -7*u - 30. Let k be c(6). Let v = -28 - k. What is the greatest common factor of v and 484?
44
Let p be ((-23)/(138/3108))/(-2). Calculate the highest common divisor of p and 7.
7
Suppose 0 = 4*o + o, 2*o = -4*c + 504. What is the greatest common divisor of c and 90?
18
Let o = 61 + -37. Let y = -9 + 4. Let m be 4 - (-1 - (-155)/y). Calculate the greatest common divisor of o and m.
12
Let i = 22 - 22. Suppose i = 2*d - 10, -q + 30 = 2*d + 2*d. What is the greatest common factor of q and 40?
10
Let r be (4/(-4))/((21/(-30))/7). What is the highest common factor of r and 50?
10
Suppose 12 = 2*j - 838. Suppose -5*b + j = 5*k, 5*k - b - 4*b - 385 = 0. What is the highest common divisor of 9 and k?
9
Let s(u) = -16*u + 18. Let i be s(7). Let q be i/(-6) + (3 - (-44)/(-12)). What is the highest common divisor of q and 15?
15
Let r(i) = 8*i**2 - 5*i + 24. Let g be r(-12). What is the highest common divisor of 12 and g?
12
Let n be (-328)/2*(-1)/2. Let c = 39 - 6. Let j = n - c. What is the highest common factor of 7 and j?
7
Let w(n) = 35*n**2 - 11*n + 5. Let f be w(2). Let x = f + 30. What is the highest common factor of 9 and x?
9
Let d(k) = -19*k**2. Let l be d(-1). Let a(n) = -n**3 - 19*n**2 - 16*n + 15. Let p be a(l). Calculate the greatest common divisor of p and 29.
29
Let n(f) = 2*f**2 + 6*f + 3. Let m be n(-4). Let s be -1*2/2 - (-37 - -27). Let l be s/(((-1)/22)/1*-2). What is the highest common divisor of m and l?
11
Let i(c) = 3*c**2 + 10*c. Let u be i(-8). Let y = -5 - -12. Calculate the greatest common factor of u and y.
7
Let t = -3 - -5. Let o(z) = 3*z**3 - 4*z**3 + z**2 + 10 - 6*z - 5*z**t - 3*z**2. Let b be o(-6). What is the greatest common factor of 25 and b?
5
Let v = -2550 - -2622. Calculate the greatest common factor of 16 and v.
8
Let g be ((-16)/3)/((-32)/144). Let w = -15 + g. What is the greatest common divisor of w and 117?
9
Suppose 4*o + 6*y - 222 = 0, -o - 5*y + 23 = -22. Calculate the highest common factor of o and 380.
20
Suppose 4*f - 43 - 1 = 0. Let x(d) = -d**3 + 10*d**2 + 13*d - 15. Let t be x(f). Calculate the greatest common divisor of 56 and t.
7
Let u = 119 - 79. Let s = -6 - 27. Let q = 53 + s. Calculate the greatest common divisor of q and u.
20
Let t be 7 + (-5)/(-5)*(33 + 4). What is the greatest common factor of t and 275?
11
Let u = 1938 - 1748. Calculate the highest common factor of u and 90.
10
Let c(x) = -x + 1. Let b(u) = -2*u**2 - 10*u - 1. Let i(d) = -b(d) + 4*c(d). Let t be i(-4). Calculate the greatest common divisor of t and 143.
13
Suppose p + 0 = 12. Suppose 0 = 13*b - 144 - 90. Calculate the greatest common divisor of p and b.
6
Let w be (20/6)/(2/69). Let f be 35 + -2 - (-4 - (-5 - 9)). What is the greatest common factor of w and f?
23
Let w(j) = j**2 - 3*j - 4. Let q be w(6). Let r = -157 - -213. Calculate the greatest common factor of q and r.
14
Let a(x) = 3*x**2 + x + 12. Let l be a(-3). Calculate the greatest common factor of l and 12.
12
Let l = 143 + -122. Calculate the highest common divisor of l and 483.
21
Suppose -21*r - 26*r + 846 = 0. Calculate the highest common divisor of 75 and r.
3
Let r be (-656)/(-36) + 10/(-45). Calculate the highest common divisor of 1287 and r.
9
Let w = 19 + -82. Let h be (-7)/(w/12)*(2 + 4). Let t(m) = m**3 + m**2 + 12. Let z be t(0). Calculate the greatest common divisor of z and h.
4
Let p be (6 - (-3)/((-18)/12)) + 3900. Calculate the highest common factor of p and 122.
122
Suppose -p - 3*n = 17, -p - 7 = -2*n + 3*n. Let d be ((-100)/70)/(p/14). What is the highest common factor of d and 10?
10
Suppose -5 = -d + 22. Let x(g) = 3*g**2 - 10*g + 25. Let u be x(-8). What is the greatest common factor of u and d?
27
Let y = 63 - 44. Let x = y + -9. What is the highest common factor of 30 and x?
10
Let t = -204 + 229. Suppose 4*c = 12*c - 400. Calculate the highest common factor of c and t.
25
Let j(q) = 3*q**2 - q + 11. Let r be j(0). What is the highest common factor of r and 55?
11
Let c be (35/(-28))/((-2)/(-56))*-1. Let g be ((-2)/(-6))/((-6)/(-90)). What is the highest common divisor of c and g?
5
Let c(v) = v**2 - 2*v - 4. Let x be c(4). Let n = 7 - x. Let q be (-2 - -3)*(9 - n). What is the highest common factor of 6 and q?
6
Let l(m) = 265*m**3 + m**2 - 5*m + 5. Let x be l(1). Calculate the highest common divisor of 38 and x.
38
Let d be ((-5)/(25/(-5)))/(1/(-5)). Let s be d + 14 + 1 + 3. What is the greatest common divisor of s and 13?
13
Suppose 171 = 13*v - 2117. What is the greatest common factor of 11 and v?
11
Let u = -457 + 647. What is the highest common factor of 152 and u?
38
Suppose -1386 = -8*s - 1370. What is the greatest common divisor of s and 8?
2
Suppose -5*q - 19 - 1 = 0. Let k(t) = -t. Let d be k(q). Suppose -3*u + 8 = -o - 1, 0 = d*u - o - 13. What is the highest common factor of u and 4?
4
Let b be -9 + 13 - (1*-1 - 17). Let j = -39 + 94. What is the highest common factor of j and b?
11
Suppose -q + 5*c = -28, -3*q - 2*c = -0*q - 118. Suppose 133 = 29*l - 22*l. Calculate the highest common factor of l and q.
19
Let k = 38 - 62. Let n = k - -44. Calculate the greatest common divisor of 10 and n.
10
Let f(k) = 25*k - 23. Let p be f(4). Let x be -34*(3 + -2) + 1. Let j be -2*x/(-12)*-2. Calculate the greatest common divisor of j and p.
11
Let n(p) = -p**3 - 2*p**2 + 6*p + 1. Let q be n(-4). Calculate the highest common factor of 1557 and q.
9
Let p = 4 - 3. Let t(r) = 20*r - 2. Let g be t(p). Let o be (-6)/(-2 - 0) + -1. Calculate the highest common divisor of o and g.
2
Let r be 7 + 410/14 + 2/(-7). What is the greatest common factor of r and 84?
12
Let z be 100 + (13 - 23 - -14). Calculate the highest common divisor of z and 494.
26
Let k(s) = -11*s - 4. Let l be k(-4). Suppose 0*p + p - l = 0. What is the greatest common divisor of 16 and p?
8
Let x = -3372 + 3403. Let d = 42 - -175. Calculate the greatest common factor of d and x.
31
Let w be 7*150/35*16/6. Calculate the greatest common factor of 30 and w.
10
Let m be (-36)/(-45)*10*1. Suppose 0 = -3*d - d + m. Let f = d - -4. Calculate the greatest common divisor of f and 18.
6
Let u = 162 + 48. Let a be (-30)/u - (212/(-14) - -1). Calculate the greatest common divisor of 238 and a.
14
Let x be -1 + (-4 - 0 - (-2 + -75)). Suppose 74*o - 56 = x*o. What is the highest common divisor of o and 308?
28
Suppose f + 88 = 4*a, -2*a + 4 + 26 = -4*f. Let d = 12 + a. Calculate the greatest common divisor of 14 and d.
7
Let v(f) = -2*f**3 - 8*f**2 + 8. Let m be v(-6). Suppose 0 = -4*w - c + 30 + m, -5*w - 3*c = -231. Calculate the highest common factor of 18 and w.
9
Let w be 6/(-45) + (-11)/((-990)/10092). What is the highest common factor of w and 176?
16
Let x = 203 + -199. Calculate the highest common factor of 38 and x.
2
Let l be ((-63)/4)/((-3)/72*3). What is the highest common divisor of 360 and l?
18
Suppose 2*j = -2*j - 140. Let p = 43 + j. Calculate the greatest common divisor of 40 and p.
8
Let q(w) = -186*w + 77. Let n be q(-10). Calculate the highest common divisor of 13 and n.
13
Let v(u) = -23*u + 33. Let g be v(0). Calculate the highest common divisor of g and 209.
11
Let z(d) = -d**3 - 11*d**2 - 12*d - 5. Let a be z(-10). Let c = 39 - 27. Let f be a*(-3 + 7)/c. Calculate the greatest common factor of f and 20.
5
Let w(l) = -l**2 + 14*l - 13. Let f be w(12). Suppose 0 = -f*v + 20 + 24. What is the greatest common factor of 2 and v?
2
Suppose 5*a - 232 = 3*l, -5*l + 0*a + a - 394 = 0. Let j = -73 - l. What is the greatest common factor of 18 and j?
6
Suppose -9*j + 95 + 553 = 0. Let d(o) = o**3 + 8*o**2 + 9*o. Let h be d(-6). Calculate the highest common divisor of h and j.
18
Suppose -3*y - 12 = 4*c - 52, 3*c + y = 25. Let g = 